 to base 15
324
Convert -1100001011 (base 2) to base 16.
-30b
What is 111000111 (base 2) in base 6?
2035
6684 (base 9) to base 13
2329
What is 32351 (base 6) in base 12?
26b7
-399 (base 14) to base 4
-23103
166c3 (base 13) to base 2
1010011110100100
Convert -42013 (base 8) to base 13.
-7c0c
What is -5281 (base 16) in base 14?
-79a9
103424 (base 6) to base 9
12687
28654 (base 9) to base 2
100110000100001
Convert 58c (base 16) to base 11.
1081
What is -18b2 (base 12) in base 6?
-21542
Convert 906 (base 16) to base 15.
a40
Convert -111203 (base 4) to base 8.
-2543
3562 (base 9) to base 8
5130
3223 (base 4) to base 8
353
Convert -a870 (base 12) to base 5.
-1043031
What is 19d49 (base 14) in base 9?
110137
What is -10111101100100 (base 2) in base 7?
-50241
Convert 10021110 (base 3) to base 12.
1470
What is -21b8 (base 12) in base 6?
-25152
What is 25 (base 7) in base 3?
201
110 (base 13) to base 11
156
Convert 80b (base 14) to base 3.
2011111
-3c2 (base 13) to base 8
-1231
What is -146b3 (base 12) in base 10?
-28647
133120 (base 4) to base 11
1566
35ce (base 15) to base 8
26264
What is ed (base 15) in base 2?
11011111
-12791 (base 11) to base 10
-18250
Convert -265 (base 15) to base 7.
-1406
What is -426 (base 12) in base 3?
-211110
-1881 (base 11) to base 16
-954
150543 (base 7) to base 14
a85a
What is 2343 (base 11) in base 6?
22120
28962 (base 11) to base 9
62322
Convert 129e (base 16) to base 4.
1022132
203213 (base 4) to base 8
4347
Convert 46e8 (base 15) to base 10.
15068
-2150 (base 15) to base 14
-27d8
What is 152020 (base 7) in base 8?
71510
110000000 (base 2) to base 14
1d6
Convert 5363 (base 7) to base 15.
872
11212121 (base 3) to base 11
2740
What is -103311 (base 9) in base 3?
-10010100101
63136 (base 7) to base 10
15511
What is 6c7 (base 15) in base 5?
22122
What is -251 (base 6) in base 2?
-1100111
-2237 (base 9) to base 7
-4552
Convert 4c35 (base 13) to base 15.
3340
Convert 780 (base 11) to base 12.
65b
-8286 (base 9) to base 5
-143242
Convert 553 (base 8) to base 14.
1bd
-33502 (base 6) to base 7
-16520
-140631 (base 8) to base 12
-24821
Convert -10101 (base 6) to base 8.
-2465
2044 (base 11) to base 14
db8
What is 2102202 (base 3) in base 2?
11011101111
What is -141040 (base 6) in base 14?
-4b4c
What is -b0 (base 12) in base 6?
-340
What is -767 (base 8) in base 7?
-1316
What is -36654 (base 10) in base 5?
-2133104
What is -f22 (base 16) in base 12?
-22aa
Convert -23b (base 12) to base 9.
-412
What is 304200 (base 5) in base 13?
4696
Convert -718 (base 14) to base 16.
-572
Convert -70 (base 10) to base 7.
-130
What is -30054 (base 8) in base 7?
-50645
Convert -9 (base 16) to base 8.
-11
Convert 11c (base 16) to base 8.
434
Convert -501413 (base 6) to base 9.
-58750
Convert -4856 (base 10) to base 8.
-11370
-2310 (base 4) to base 12
-130
What is -14004 (base 6) in base 11?
-1698
12de (base 16) to base 8
11336
What is 1b9 (base 15) in base 2?
110001111
20043 (base 8) to base 7
32662
Convert 782 (base 10) to base 8.
1416
What is -110111100 (base 2) in base 13?
-282
Convert -1407 (base 11) to base 9.
-2444
17385 (base 10) to base 15
5240
What is b563 (base 16) in base 4?
23111203
What is 23301 (base 4) in base 8?
1361
Convert -20001 (base 5) to base 2.
-10011100011
Convert 10210102 (base 3) to base 8.
5315
Convert 14651 (base 8) to base 13.
2cb4
Convert 242 (base 9) to base 3.
21102
5dc (base 16) to base 4
113130
Convert -a88 (base 13) to base 14.
-92a
What is -122 (base 14) in base 13?
-145
Convert 51e (base 15) to base 3.
1120202
What is 110112 (base 3) in base 7?
662
Convert 6849 (base 10) to base 15.
2069
What is 4404 (base 5) in base 11?
4aa
What is -1211113 (base 4) in base 11?
-4968
Convert 1217 (base 12) to base 4.
133303
-112120 (base 3) to base 10
-393
What is 10131 (base 5) in base 16?
29a
-a00a (base 15) to base 11
-23401
Convert 302 (base 12) to base 7.
1160
What is -614 (base 8) in base 10?
-396
Convert -190 (base 15) to base 16.
-168
268 (base 12) to base 7
1034
Convert 77d (base 14) to base 13.
8a1
617 (base 16) to base 14
7d5
What is -35251 (base 7) in base 13?
-4174
123314 (base 5) to base 10
4834
-52e (base 15) to base 3
-1121022
What is 2232 (base 4) in base 13?
105
What is -4334 (base 5) in base 11?
-4a0
What is -10002 (base 3) in base 12?
-6b
What is -3044 (base 5) in base 2?
-110001111
Convert -2114 (base 14) to base 12.
-3372
426 (base 11) to base 4
20000
What is -1101021201 (base 3) in base 4?
-12220231
What is 28538 (base 10) in base 11?
1a494
2b (base 13) to base 3
1101
What is 11120 (base 3) in base 5?
443
What is -23120 (base 10) in base 2?
-101101001010000
What is 100 (base 5) in base 12?
21
What is 3404 (base 6) in base 7?
2215
What is 1b (base 16) in base 2?
11011
Convert 827 (base 12) to base 8.
2237
-1001010000 (base 2) to base 9
-727
4868 (base 14) to base 16
315c
122211 (base 4) to base 6
11513
Convert -21a5 (base 11) to base 4.
-231102
-11010110101011 (base 2) to base 13
-633b
Convert 2516 (base 12) to base 16.
1062
What is -14848 (base 11) in base 3?
-1001210020
Convert -433 (base 9) to base 2.
-101100010
-202133 (base 5) to base 8
-14617
What is 15255 (base 8) in base 5?
204304
What is -333 (base 14) in base 10?
-633
Convert 8680 (base 11) to base 3.
120201112
Convert -21142 (base 8) to base 4.
-2021202
403120 (base 5) to base 8
31156
Convert -142232 (base 5) to base 3.
-22011002
What is 76b0 (base 15) in base 8?
61064
Convert 1254 (base 6) to base 8.
502
What is -5466 (base 9) in base 7?
-14514
What is 1102 (base 7) in base 10?
394
119ee (base 16) to base 6
1314050
1224 (base 14) to base 5
100133
What is 5610 (base 7) in base 11?
1573
What is -27da (base 14) in base 2?
-1101110001100
a7 (base 16) to base 15
b2
Convert 4301 (base 8) to base 9.
3060
Convert -110011011011100 (base 2) to base 16.
-66dc
What is 22210 (base 3) in base 9?
283
Convert -12242 (base 5) to base 7.
-2522
Convert 1353 (base 9) to base 6.
4420
-10111110101010 (base 2) to base 11
-9193
What is 44d (base 15) in base 6?
4301
Convert 1e1 (base 15) to base 7.
1162
Convert 63a (base 16) to base 12.
b0a
131a6 (base 11) to base 9
27787
Convert -2151 (base 9) to base 10.
-1585
-335 (base 15) to base 11
-5aa
-120044 (base 5) to base 11
-333a
What is f (base 16) in base 8?
17
Convert -404 (base 6) to base 16.
-94
What is -1102102 (base 3) in base 12?
-725
10001000101101011 (base 2) to base 3
10120000102
What is -1010212211 (base 3) in base 9?
-33784
-1c2c (base 14) to base 11
-394a
2026 (base 12) to base 13
1782
Convert -44320 (base 6) to base 8.
-14030
Convert -1772 (base 9) to base 3.
-1212102
Convert -1045311 (base 6) to base 4.
-30330223
-10110 (base 4) to base 13
-183
Convert 141233 (base 5) to base 2.
1011010111010
What is -3331 (base 6) in base 15?
-36a
Convert -100010011000011 (base 2) to base 5.
-1030403
Convert -2221000110 (base 3) to base 9.
-87013
34a9 (base 11) to base 10
4596
-14a01 (base 14) to base 10
-51353
What is -a7 (base 16) in base 12?
-11b
Convert -9a3 (base 16) to base 5.
-34332
Convert -1102011 (base 3) to base 6.
-4434
Convert -8a4 (base 12) to base 11.
-a60
What is 104b (base 16) in base 8?
10113
What is -19c (base 15) in base 16?
-174
What is 10100101101 (base 2) in base 11?
aa5
-123301 (base 4) to base 16
-6f1
1f8 (base 16) to base 11
419
-262 (base 8) to base 6
-454
What is 20143 (base 8) in base 3?
102101002
What is -606 (base 10) in base 2?
-1001011110
What is 5533 (base 7) in base 12?
1194
-11111000111100 (base 2) to base 8
-37074
Convert 2202 (base 4) to base 3.
20000
-6070 (base 9) to base 5
-120222
Convert 400603 (base 7) to base 5.
4130100
Convert -302 (base 9) to base 10.
-245
Convert -250535 (base 7) to base 16.
-b342
625c (base 13) to base 11
a241
-3313313 (base 4) to base 16
-3df7
What is 35503 (base 9) in base 14?
8916
Convert 2202222 (base 3) to base 7.
5621
10001000110010110 (base 2) to base 16
11196
What is 1132 (base 11) in base 9?
2032
Convert -4033 (base 7) to base 16.
-574
Convert -166400 (base 8) to base 3.
-10002020010
Convert -23020 (base 4) to base 6.
-3144
64860 (base 9) to base 2
1010011111101000
-198 (base 11) to base 4
-3210
20093 (base 11) to base 15
8a8e
-490 (base 10) to base 2
-111101010
What is -10221021 (base 3) in base 13?
-13c9
Convert -306 (base 15) to base 2.
-1010